{"id":336,"date":"2025-06-20T12:05:46","date_gmt":"2025-06-20T12:05:46","guid":{"rendered":"https:\/\/jardindepatchwork.com\/?post_type=product&#038;p=336"},"modified":"2025-06-20T12:18:07","modified_gmt":"2025-06-20T12:18:07","slug":"hilo-de-coser-mettler-seraflex-0504-country-red","status":"publish","type":"product","link":"https:\/\/jardindepatchwork.com\/index.php\/producto\/hilo-de-coser-mettler-seraflex-0504-country-red\/","title":{"rendered":"Hilo de coser Mettler Seraflex. 0504 Country Red."},"content":{"rendered":"","protected":false},"excerpt":{"rendered":"<p>Hilo de coser Mettler Seraflex. Tama\u00f1o de bobina: 130 m\/142 yardas. Hace que la costura con puntada recta sea extremadamente el\u00e1stica. 100 % PTT<\/p>\n<p>Color &#8211; 0504 Rojo campestre<br \/>\nTama\u00f1o del carrete: 130 m\/142 yardas (carrete de pl\u00e1stico)<\/p>\n<p><strong>Instrucciones de uso:<\/strong><br \/>\nSERAFLEX debe utilizarse tanto como hilo de aguja como de bobina.<br \/>\nLa tensi\u00f3n del hilo debe ser s\u00f3lo \u201ctan fuerte como sea necesario\u201d, es decir, lo m\u00e1s floja posible.<br \/>\nEl hilo de la bobina tambi\u00e9n debe enrollarse con la menor tensi\u00f3n posible para evitar que el hilo se estire de antemano.<\/p>\n<p>El hilo de coser es adecuado para la m\u00e1quina de coser.<\/p>\n<p>Excelentes propiedades de elongaci\u00f3n.<br \/>\nGracias a su innovadora materia prima PTT, SERAFLEX puede alcanzar un alargamiento de hasta el 65%.<\/p>\n<p>Doble elasticidad de costura en comparaci\u00f3n con los hilos de coser convencionales.<\/p>\n<p>El hilo de coser el\u00e1stico hace que, especialmente la puntada recta, sea extremadamente el\u00e1stica.<\/p>\n<p>Certificaci\u00f3n Oeko-Tex<br \/>\nSERAFLEX se fabrica de acuerdo con los requisitos ecol\u00f3gicos reconocidos internacionalmente y est\u00e1 certificado seg\u00fan STANDARD 100 de OEKO-TEX\u00ae.<\/p>\n<p>Innovador hilo de coser el\u00e1stico SERAFLEX\u00ae<br \/>\nAltamente el\u00e1stico y vers\u00e1til: con nuestro hilo de coser SERAFLEX, usted compra exactamente el hilo adecuado para todos los tejidos el\u00e1sticos. El secreto est\u00e1 en su composici\u00f3n especial: la innovadora materia prima PTT permite que el hilo de coser se estire hasta un 65 %. Recomendamos utilizar el hilo de coser exclusivamente para puntadas rectas. Si se utiliza como hilo de aguja y canilla y con una tensi\u00f3n del hilo lo m\u00e1s floja posible, se obtiene toda su elasticidad. De este modo, SERAFLEX alcanza incluso una elasticidad de costura dos veces superior a la de los hilos de coser convencionales.<\/p>\n","protected":false},"featured_media":337,"template":"","meta":{"om_disable_all_campaigns":false,"_monsterinsights_skip_tracking":false,"_monsterinsights_sitenote_active":false,"_monsterinsights_sitenote_note":"","_monsterinsights_sitenote_category":0},"product_brand":[],"product_cat":[25],"product_tag":[],"class_list":{"0":"post-336","1":"product","2":"type-product","3":"status-publish","4":"has-post-thumbnail","6":"product_cat-hilos","8":"first","9":"instock","10":"shipping-taxable","11":"purchasable","12":"product-type-simple"},"aioseo_notices":[],"jetpack_sharing_enabled":true,"_links":{"self":[{"href":"https:\/\/jardindepatchwork.com\/index.php\/wp-json\/wp\/v2\/product\/336","targetHints":{"allow":["GET"]}}],"collection":[{"href":"https:\/\/jardindepatchwork.com\/index.php\/wp-json\/wp\/v2\/product"}],"about":[{"href":"https:\/\/jardindepatchwork.com\/index.php\/wp-json\/wp\/v2\/types\/product"}],"wp:featuredmedia":[{"embeddable":true,"href":"https:\/\/jardindepatchwork.com\/index.php\/wp-json\/wp\/v2\/media\/337"}],"wp:attachment":[{"href":"https:\/\/jardindepatchwork.com\/index.php\/wp-json\/wp\/v2\/media?parent=336"}],"wp:term":[{"taxonomy":"product_brand","embeddable":true,"href":"https:\/\/jardindepatchwork.com\/index.php\/wp-json\/wp\/v2\/product_brand?post=336"},{"taxonomy":"product_cat","embeddable":true,"href":"https:\/\/jardindepatchwork.com\/index.php\/wp-json\/wp\/v2\/product_cat?post=336"},{"taxonomy":"product_tag","embeddable":true,"href":"https:\/\/jardindepatchwork.com\/index.php\/wp-json\/wp\/v2\/product_tag?post=336"}],"curies":[{"name":"wp","href":"https:\/\/api.w.org\/{rel}","templated":true}]}}